the units digit of y?
0
Suppose 0 = -z + 11 - 12. Let y be 1*(129/(-1))/(z/1). Suppose -19*m = -22*m + y. What is the tens digit of m?
4
Suppose -56*m = -42*m. Suppose 100*l - 103*l + 1230 = m. What is the tens digit of l?
1
Let h = 17010 + -8600. What is the thousands digit of h?
8
Let j be (3 + 36/(-8))*-6. Suppose 3*y = -j, -3*y + 52 = -p + 2*y. Let i = -5 - p. What is the units digit of i?
2
Let y = -74 - -70. Let a(d) = -d**3 - 5*d**2 - 12*d - 17. What is the units digit of a(y)?
5
Let q be (145 - (4 - 4)) + -4. Suppose 128*c - q*c = -6253. What is the tens digit of c?
8
Let l(m) = -17*m**2 - 5*m. Let z be l(-2). Let b = 943 + z. What is the hundreds digit of b?
8
Let o(f) = 1117*f + 15846. What is the tens digit of o(48)?
6
Let o(d) = 4 - 7 + 2 + 3*d + 0 + d**2. Let t be o(1). Suppose 0 = 5*q - 3*v - 45, 2*q + 2*q + t*v - 63 = 0. What is the tens digit of q?
1
Suppose 291*w - 246071 = 259*w - 13783. What is the hundreds digit of w?
2
Suppose -4*j + 13 = h, -3*h - 24 = -4*j + 17. What is the tens digit of (h - -6)/((-2)/58)?
2
What is the tens digit of (-75794)/2*((-3)/33)/((-52)/(-572))?
9
Let a(k) = 3*k**3 - 31*k**2 + 2*k + 519. What is the tens digit of a(24)?
8
Let w(q) = -11*q + 10. Let h be w(1). What is the hundreds digit of (h - 0)*(4 - 3) + 448?
4
Suppose 3*u = 4*d - 49, u + 70 = -3*u + 3*d. Let m be (-2)/(-4)*(-44764)/u. Suppose -11*k = -m - 1528. What is the hundreds digit of k?
2
Suppose 2*b - 357 + 2526 = x, -3281 = 3*b + 4*x. Let w = -282 - b. What is the tens digit of w?
0
Suppose 0 = 3*b - 273 + 27. Suppose -4*p = -4*q - 8, -8*p + 3*p = 2*q + 25. Let j = b - q. What is the units digit of j?
7
Suppose -48*z + 1930 = -43*z. What is the hundreds digit of z?
3
Suppose 535 = g + 25. Suppose 3*s = -3*s + g. Suppose 0 = -7*m + 6*m + s. What is the tens digit of m?
8
Let x(k) = 36*k**2 + 495*k + 35. What is the thousands digit of x(16)?
7
Let g be (-148)/(-6) - (-4)/12. Let x = g - 22. Let m(w) = 2*w**2 + 6*w - 12. What is the units digit of m(x)?
4
Suppose -5*f + n + 67660 = 0, -3*f = 280*n - 285*n - 40574. What is the units digit of f?
3
Let o = -23 + -19. Let r = o + 44. Suppose 6*n - 244 = r*n. What is the tens digit of n?
6
Suppose -2238704 = 92*g + 38*g - 7518394. What is the thousands digit of g?
0
Suppose -14*a + 3221 + 683 = -72. What is the tens digit of a?
8
Let q(x) = -6*x**3 - 2*x**2 - 2*x - 1. Let d be q(-1). Suppose 5*r = d*w - 25, w = r - 3*r - 10. Suppose w*p = 5*p - 365. What is the tens digit of p?
7
Suppose -61*d + 34*d = -1081134. What is the tens digit of d?
4
Let f be (-20)/(-6) - (-4)/(-6)*-1. Suppose -f*i - 885 + 259 = -2*o, i + 614 = 2*o. What is the units digit of o?
5
Suppose -40*i + 27*i = 26*i - 351858. What is the hundreds digit of i?
0
Let g be (-150)/(-35) - 4 - (-32)/(-14). What is the thousands digit of 77/g*390/(-15)?
1
Let x = -23645 + 33439. What is the thousands digit of x?
9
Suppose 7*r + 1 + 188 = 0. What is the tens digit of (-13 + -2)*-3 + 0/r?
4
What is the ten thousands digit of (-179458)/(-10) - (8 - 216/30)?
1
Suppose -14*p + 13*p = -4. Suppose -2*j + 182 = r, -p*j = -2*j. What is the tens digit of r?
8
Suppose 254416 + 669606 = 97*p. What is the hundreds digit of p?
5
Let s be -50 - ((0 - 1) + -1). Let y be 2/(-20) - 2220/(-200). Let n = y - s. What is the units digit of n?
9
Suppose 38*m - 57137 - 127619 = 0. What is the thousands digit of m?
4
Suppose 8941*s - 8908*s = 1228517 - 102029. What is the units digit of s?
6
Let j(s) = 2*s**2 + 2*s - 5. Let f be j(-4). Let h(z) = 3*z**2 - 31*z + 100. What is the hundreds digit of h(f)?
5
What is the hundreds digit of 4/(28/(-49)) + (-2 - -5891)?
8
Suppose 4*y + 2 = 18. Suppose -5*g + 25 = -0*g, 3*x - 35 = -y*g. Suppose 0 = -x*t + 849 - 64. What is the tens digit of t?
5
Let g(d) = 55*d - 42. Let i be g(10). Suppose -j + 3*z = -117, -z + 3*z + i = 4*j. What is the tens digit of j?
2
Let f = 82 - 82. Suppose f = 4*h - 3*b - 2125, 0 = -8*h + 5*h - 3*b + 1578. What is the hundreds digit of h?
5
Let h(f) = f**3 + 25*f**2 - 30*f - 76. Let o = 475 + -501. What is the tens digit of h(o)?
2
Let v be -54 + (-3 - -2) + 0 - 2. Let t = v + 56. What is the units digit of (-1 + t)*(-38)/1?
6
Suppose -4211 = k - 5*b - 33005, -3*k = -4*b - 86459. What is the hundreds digit of k?
8
Suppose 4*p - 2*i = 249206, 4*p + 4*i - 88481 - 160743 = 0. What is the thousands digit of p?
2
Let o = -47 - -52. What is the units digit of 4/(-6)*(o + 6566/(-4))?
1
Let i = 459 + -458. Let g(j) = 967*j**2 - 2*j - 2. What is the units digit of g(i)?
3
Let t be 44/(65/(-156) + 2/3). Suppose 5*k - 4*z = 1042, 0 = -k - 3*z + t + 40. What is the tens digit of k?
1
Let b(n) = 8542*n - 263. What is the hundreds digit of b(1)?
2
Let l = -401 - -448. Suppose 0 = -4*j + 117 + 139. Let a = j - l. What is the units digit of a?
7
Let n(i) = 32*i - 3. Let j(g) = -63*g + 6. Let p(k) = 4*j(k) + 9*n(k). Suppose w - 8 = -0. What is the units digit of p(w)?
5
Let l be 10 + 1298 - 3/(-1 - 0). Let i = l - 928. Let c = i - 263. What is the tens digit of c?
2
Let a = -173 - -181. Suppose -7824 = 2*s - a*s. What is the tens digit of s?
0
Suppose 4*k = -s - 3427 + 23501, -4*s + k + 80228 = 0. What is the tens digit of s?
5
Suppose 5*g - 5*q - 214015 = 0, 8*g + q - 167402 - 175085 = 0. What is the hundreds digit of g?
8
Let m = 249 - 206. Suppose 2277 = -40*b + m*b. What is the tens digit of b?
5
Let b(s) = 3*s - 20. Let j be b(10). Let t be 12/(-16) - 99/(-4). What is the tens digit of 148 + t/j + 2/(-5)?
5
Let y = -327 - -333. What is the tens digit of 79 + 1 + 42/y?
8
Suppose c - 4*f = 4, c + 60 = -3*c - 3*f. Let a be (212/c)/((-146)/36 - -4). Suppose 2*y + 0*y = -4*i + a, 0 = -3*i + 2*y + 228. What is the units digit of i?
8
Suppose -4*j = -5*s - 155, 2*j - 124 = -j - 4*s. Suppose -35*c + j*c - 1340 = 0. What is the hundreds digit of c?
2
Let s(j) = -8*j**2 - 7*j - 6. Let d be s(-3). Let w = -51 - d. What is the units digit of w*(-104)/(-14)*14/6?
4
Suppose 9*w = -w. Suppose -7*b + 2*b + j + 14 = w, 0 = b + 2*j + 6. Suppose -b*h = -2*t + 62, 0*t = -3*t - h + 77. What is the tens digit of t?
2
Suppose 11*a - 96*a + 1898396 = 16*a. What is the units digit of a?
6
Suppose g - 4*y - 25 = -5*y, 4*y = -2*g + 56. Let w = 25 - g. Suppose -w*o + 55 = -98. What is the units digit of o?
1
Let b = 223 + -127. Suppose -98*l = -b*l - 6. Suppose l*a = -4*o + 12, -3*o = -a - 0*a + 17. What is the units digit of a?
8
Suppose 24 = 3*o + 5*o. Let z be 3/(-2)*(-1 - o). What is the tens digit of z/(12/290) - -1?
4
Let q be (-1948)/(-18) + (100/(-45) - -2). Let k be (q/(-7))/((-17)/(-119)). Let j = 183 + k. What is the units digit of j?
5
Suppose 3*l - 7*l - 82503 = -3*i, i - l = 27502. What is the hundreds digit of i?
5
Let l = -220 + 225. Suppose -l*o - 1550 = -3*r, 4*r + o - 3*o = 2048. What is the units digit of r?
0
Let j be (2/4)/(3/1818). Let b = j - 161. What is the units digit of b?
2
Let o(r) = 2*r**2 - 25*r - 12. Let k be o(13). Suppose 0 = 3*w - 3*j + 21, w = j + 4*j + k. What is the tens digit of (58/(-5))/(w/135)?
7
Suppose -33*p + 16569 = -69*p + 39*p. What is the hundreds digit of p?
5
Suppose -476 = -4*m + 88. What is the tens digit of (94/m)/((-325)/(-324) + -1)?
1
What is the tens digit of (-2)/20 + 2583/420*314?
3
Let w be ((-5)/((-80)/(-12)))/((-21)/224). What is the tens digit of (-280)/(-30)*444/w?
1
What is the hundreds digit of (2/(-6) - 22/(-6))/(29/48111)?
5
Let t(h) = -h**2 + 27*h - 96. What is the tens digit of t(5)?
1
Suppose -11*z + 15 = -6*z, -6 = 2*j - 2*z. What is the units digit of 31 + j + -7 + 3?
7
Suppose 0 = -54*y + 66*y - 600. Suppose 0 = -8*x + y + 534. What is the tens digit of x?
7
Suppose 2*u - 5*b + 4 = 0, -4 = 3*u - 3*b + 2. Let m(y) = 26*y**2 + y + 1. Let c be m(u). Suppose 7*a = -c + 369. What is the tens digit of a?
3
Let p = -51166 - -79565. What is the tens digit of p?
9
Suppose 22*z + 57 - 167 = 0. Suppose -2*f + 601 + 930 = -3*s, -2*f - z*s = -1571. What is the units digit of f?
3
Let a = 125 - 126. Let c(y) = 13*y**2 + 3*y + 3. Let z be c(a). Suppose -z*i + 1434 + 1088 = 0. What is the hundreds digit of i?
1
Let d be 0 + 8*2/8. Suppose -6*q - d*q + 4192 = 0. What is the tens digit of q?
2
Suppose -4*f = 5*y - 2434, 4*y + 0*y + 3022 = 5*f. Suppose 3*a - f = -5*z